*n + 102. What is the remainder when 63 is divided by n?
19
Calculate the remainder when 1/(-3) - (-9)/((-162)/(-3840)) is divided by 48.
21
Suppose 6*m - m = 55. Suppose 4*t - m - 1 = 0. Suppose -g = 47 - 51. What is the remainder when g is divided by t?
1
What is the remainder when 375 is divided by (-1)/((6/(-376))/(21/14))?
93
Suppose 0 = 4*c + 4*o - 29 - 83, -64 = -3*c + o. What is the remainder when 505 is divided by c?
22
Suppose 0 = -7*z + 10*z - 225. What is the remainder when 295 is divided by z?
70
Let g = -461 + 665. Calculate the remainder when 620 is divided by g.
8
Let k(x) = -x**2 + x + 1. Let z(u) = -3*u**2 + 22*u - 15. Let j(v) = -2*k(v) + z(v). Let b = -9 - -27. What is the remainder when j(17) is divided by b?
16
Suppose -2*b + 5*c = -3 - 20, 2*c + 18 = 3*b. Let l(n) = -n**3 + 8*n**2 - 4*n - 1. Let m be l(7). What is the remainder when (-10)/2*(-24)/m is divided by b?
2
Suppose -2*c - 5 = -33. Let z be 145/(-3 - -4) + -3. Suppose -s = x - 2*x + 50, 3*x - 5*s = z. Calculate the remainder when x is divided by c.
12
Suppose 0*k - 2*k + 14 = 2*v, k = -2*v + 16. Suppose -w + 18 = -v. Let b = w - 21. What is the remainder when b is divided by 3?
0
Let n(u) = 2*u**2 - 2*u + 4. Let y be n(-3). Suppose -7*h + y = -0*h. Calculate the remainder when 7 is divided by h.
3
Suppose -5*u = 4*w + w - 150, w = 3*u + 26. Calculate the remainder when 230 is divided by w.
27
Suppose 2*o = -x - x + 68, 3*o = 4*x - 136. Let s = -14 + 20. Let j(i) = 2*i**2 - 9*i. Calculate the remainder when x is divided by j(s).
16
Suppose -5*u + 179 + 76 = 0. Suppose 6 = 12*t + 18. What is the remainder when u is divided by (t/1)/(-1)*13?
12
Suppose 2*j = j - 60. What is the remainder when 104 is divided by 145/7 - (j/(-35))/(-6)?
20
Let v = -579 - -822. Let u = v + -129. What is the remainder when u is divided by 39?
36
Let d(b) = 2*b**2 + 13*b - 15. Let h be d(-12). Let m = h - 78. What is the remainder when m is divided by 21?
18
Let r be 2/(-7) + 4/14. Suppose -a + 26 = l - r*a, 0 = -2*a + 4. What is the remainder when 47 is divided by l?
23
Let a = 1319 + -1248. Calculate the remainder when 230 is divided by a.
17
Let f(q) = 4*q**2 + 5*q + 4. Let d be 3 + (-12)/(3 + -1). Let v be f(d). Let l = -9 + v. What is the remainder when 46 is divided by l?
14
Suppose 3*l = -3*j + 48, l = -3*j + 8 + 2. Calculate the remainder when l is divided by 6/5*2280/304.
1
Let k = 92 + -52. Calculate the remainder when 73 is divided by k.
33
Suppose 0 = -2*n - n + 147. Let l = 5 + n. Calculate the remainder when l is divided by 28.
26
Let t be 5/2 - 395/10. Let h = t - -76. What is the remainder when h is divided by 7?
4
Suppose -2*t + 3 = t. What is the remainder when 57 is divided by 0 + t - ((-3 - 14) + 3)?
12
Suppose -3*l - l = -112. Let y = 17 + 14. Let q = y + l. What is the remainder when q is divided by 15?
14
Let d(n) = n**3 - 6*n**2 + 2*n - 8. Let y be d(6). What is the remainder when 26 is divided by y*(-5)/60 + (-31)/(-3)?
6
Let g = 133 + -33. Let d(j) = -j**3 - j**2 + j + 34. What is the remainder when g is divided by d(0)?
32
Suppose 5*x + 32 = 2*v - 110, -5*v + 389 = -4*x. What is the remainder when v is divided by 21?
18
Suppose -5*w = -331 + 91. Suppose -6*j + 120 - w = 0. What is the remainder when j is divided by 6?
0
Let q(h) = -9*h + 5. Let o(s) = s - 1. Let c(w) = 6*o(w) + q(w). Calculate the remainder when c(-7) is divided by 8.
4
Let c = 326 + -95. Calculate the remainder when c is divided by 9.
6
Let y = 47 - -47. What is the remainder when y is divided by 12?
10
Suppose 0 = 6*o + 2*o. Suppose o = u + 5*u - 114. Suppose 4*a + z - 136 = -2*z, 2*z = -8. What is the remainder when a is divided by u?
18
Suppose 0 = 23*i - 19*i + 12, -3*d + 3*i = -1920. Calculate the remainder when d is divided by 29.
28
Suppose -5*w - 966 = -1286. Suppose -33 - 33 = -2*z. What is the remainder when w is divided by z?
31
Let z(m) = -5*m**3 - 4*m**2 - 5*m - 5. Suppose 4*w - 5*w = -56. Calculate the remainder when w is divided by z(-2).
27
Suppose 0 = -2*i - 3*i - 25, i + 71 = 3*m. Let l = m + -5. Calculate the remainder when l is divided by 5.
2
Let n be (-4)/(-6) - (-556)/12. Let m = 72 - n. What is the remainder when 172 is divided by m?
22
Suppose 5*v - l = 30, 2*l + 5 = -v + 11. Let c(y) = 3*y**2 - 3. Suppose -14 = 3*x - 4*b, -4*b + 26 = 2*x + x. Calculate the remainder when c(x) is divided by v.
3
Let r = -1704 - -1837. Calculate the remainder when r is divided by 49.
35
Let h be -3*(68/(-12) + 4). Suppose -10 = -h*l - 0. What is the remainder when (1 - 0) + 3 + -1 is divided by l?
1
Let q(o) = o + 65. What is the remainder when q(-22) is divided by 11?
10
Suppose -2*j = -5*y + 2*j + 40, 29 = y - 5*j. Suppose -y*g = 5*r - 68 - 5, 63 = 4*g - 5*r. Calculate the remainder when 65 is divided by g.
14
Let j = -457 - -500. What is the remainder when j is divided by 70/3 + (-2)/6?
20
Let z(n) be the third derivative of n**5/30 + 5*n**4/24 - 11*n**3/6 + 17*n**2. What is the remainder when z(-5) is divided by 8?
6
Suppose 5722 = 31*o - 1687. Calculate the remainder when o is divided by 27.
23
Let q(i) = 2*i**2 + 3*i - 3. Let t be ((-6)/2)/(3/14). Let k = t - -9. What is the remainder when 126 is divided by q(k)?
30
Suppose -13*l + 201 = 19. What is the remainder when 23 is divided by l?
9
Suppose 15 - 93 = 3*k. Let v = -22 - k. Suppose -2*m + 28 = -0*m. What is the remainder when m is divided by v?
2
Let k be (2/4)/(20/80). Suppose 5*q - 108 + 28 = 5*j, -4*j - 34 = -k*q. Calculate the remainder when q is divided by 2.
1
Suppose 4*h - 434 = -5*k - 57, -3*k - 3*h + 228 = 0. What is the remainder when k is divided by 19?
16
Let s = 1309 + -1206. What is the remainder when s is divided by 99?
4
Let r be (1 + -50)/(-1)*23/23. Suppose 3*b = -4*b + r. Suppose 3*x + y - 80 = 0, -2*y - 49 = 3*x - 131. Calculate the remainder when x is divided by b.
5
Suppose -2*k + 94 = -5*y, 4*y = 7*k - 6*k - 41. Calculate the remainder when k is divided by (8/(-20))/((-2)/150).
27
Let m(l) be the third derivative of -11*l**6/120 - l**5/15 - l**4/4 - 4*l**3/3 + 40*l**2. What is the remainder when m(-2) is divided by 27?
22
Let a(z) = -23*z**3 - z**2 + z + 1. Suppose -13*d + 19*d = -108. What is the remainder when ((-8)/(-12)*d)/(2/(-7)) is divided by a(-1)?
20
Let f(q) = 47*q**2 + 3*q - 3. What is the remainder when 157 is divided by f(1)?
16
Let b(r) = -16*r + 25. Calculate the remainder when b(-7) is divided by 77.
60
Let i = 1548 - 1490. What is the remainder when 286 is divided by i?
54
Suppose -j + 0*j - 5*f = -20, j - 16 = -f. Let g = 8066 - 7992. What is the remainder when g is divided by j?
14
Let n = -1682 + 2229. Calculate the remainder when n is divided by 69.
64
Let w(a) = -a - 2. Let v(i) = -4*i + 91. Let b(u) = -v(u) - 5*w(u). What is the remainder when 268 is divided by b(15)?
52
Suppose -o = -5*x + 31, 4*x - 28 = -8. Let r(h) = h + 3. Let d be r(3). Calculate the remainder when 27 is divided by (o/(-4))/(d/60).
12
Let y(q) = q**2 - 28*q + 235. Calculate the remainder when 161 is divided by y(10).
51
Suppose j - s = 6, 0 = j + s + s - 6. What is the remainder when 12 is divided by j?
0
Suppose n - 8 = -n. Suppose -4*d - 3*u + 63 = 0, 3*d + n*u - 80 = -2*d. Calculate the remainder when 30 is divided by d.
6
Suppose 0 = 2*v - 4, -b + 26 = -3*v - 6. Calculate the remainder when (187/51 + -3)/(8/876) is divided by b.
35
Suppose -9*w = 5*w - 336. What is the remainder when 48 is divided by w?
0
Let f = -230 + 279. Suppose -60 = -4*y - j, -4*y + 0*j = -5*j - 36. Calculate the remainder when f is divided by y.
7
Suppose 2*z = -4*r + 74, -4*z + 10*r - 5*r + 122 = 0. Calculate the remainder when z is divided by 9.
6
Let p be -2 - (-11 - (1 - 5)). Suppose -p = 4*c + c. What is the remainder when 35 is divided by 0/(3/c) - -19?
16
What is the remainder when 263 is divided by 135 + 4 - 2 - 8?
5
Suppose -29*f + 48 = -30*f. Let k = f + 90. What is the remainder when k is divided by 11?
9
Suppose 215*d = 221*d - 48. What is the remainder when 149 is divided by d?
5
Let y = -1309 - -1454. What is the remainder when y is divided by 31?
21
Let r(o) = -39*o + 270. Calculate the remainder when 108 is divided by r(6).
0
Suppose -8*c + 31 + 961 = 0. What is the remainder when c is divided by 4?
0
Let k(p) 